3028?
606
Calculate the greatest common factor of 5 and 52914545.
5
What is the highest common divisor of 341784 and 1800?
72
Calculate the greatest common divisor of 18 and 97990029.
9
Calculate the highest common divisor of 36548220 and 6560.
820
Calculate the greatest common divisor of 4584 and 106493196.
2292
Calculate the greatest common divisor of 158 and 1005317818.
158
Calculate the highest common divisor of 2972390 and 393.
131
What is the highest common factor of 88559 and 1079219?
1501
What is the greatest common factor of 1700 and 34850600?
100
What is the highest common factor of 288768 and 39198?
282
What is the greatest common factor of 14007 and 3190215?
483
Calculate the greatest common factor of 56 and 208961634.
14
What is the highest common divisor of 5504 and 214497072?
688
What is the greatest common factor of 107397 and 24039?
9
What is the highest common divisor of 376586 and 222?
74
Calculate the highest common divisor of 127290 and 411571.
4243
What is the highest common factor of 5890 and 125662220?
310
What is the greatest common factor of 48337821 and 1323?
63
Calculate the greatest common factor of 8916 and 172380.
12
Calculate the highest common divisor of 1460 and 671635.
5
Calculate the greatest common divisor of 26405 and 15740.
5
Calculate the highest common divisor of 318 and 2363100.
6
What is the highest common factor of 65 and 1413152?
13
Calculate the highest common factor of 35804951 and 16744.
2093
Calculate the greatest common factor of 28938598 and 3107.
3107
What is the greatest common divisor of 938 and 1985716922?
938
Calculate the highest common factor of 50052 and 368988.
1164
What is the greatest common factor of 34590716 and 27132?
1292
Calculate the highest common divisor of 253 and 36279023.
11
What is the greatest common factor of 388524256 and 34?
34
What is the highest common divisor of 3540 and 4382815?
295
Calculate the highest common factor of 237900 and 243837984.
9516
What is the greatest common divisor of 1828873 and 9102?
37
What is the highest common divisor of 48912 and 11568?
48
What is the greatest common divisor of 2388 and 730668?
12
What is the greatest common divisor of 10290 and 39702250?
3430
Calculate the greatest common divisor of 96 and 30705952.
32
What is the highest common divisor of 42 and 1375243758?
42
What is the greatest common divisor of 248 and 2694365?
31
What is the greatest common factor of 5228041 and 1757?
7
What is the greatest common divisor of 132 and 786907?
11
Calculate the highest common divisor of 194 and 219837793.
97
What is the greatest common factor of 289820136 and 36?
12
Calculate the greatest common factor of 27276597 and 46.
23
Calculate the highest common divisor of 400904 and 119.
7
Calculate the greatest common factor of 235914 and 1900227.
861
Calculate the highest common factor of 615 and 1451810.
205
Calculate the highest common divisor of 954809839 and 83.
83
Calculate the highest common factor of 1636 and 22332218.
818
Calculate the highest common divisor of 267391737 and 19761.
2823
What is the greatest common factor of 769397520 and 24?
24
What is the greatest common factor of 9003096 and 3816?
72
What is the greatest common divisor of 513 and 21076848?
27
Calculate the highest common factor of 4 and 30617908.
4
What is the greatest common factor of 16705 and 16025235?
1285
What is the highest common divisor of 310 and 70125410?
310
Calculate the highest common factor of 90147 and 391845.
453
Calculate the highest common divisor of 12470 and 549540.
430
Calculate the greatest common factor of 1281 and 8609601.
1281
What is the greatest common divisor of 1326 and 18089058?
78
What is the greatest common factor of 61400 and 66200?
200
Calculate the greatest common factor of 180 and 65521836.
36
Calculate the highest common divisor of 1844219 and 3874.
13
Calculate the greatest common factor of 42826308 and 84.
84
Calculate the greatest common divisor of 195 and 15411305.
65
What is the greatest common factor of 2116 and 1974688?
92
Calculate the greatest common factor of 358809 and 564234.
2739
What is the highest common factor of 25108619 and 1268?
317
Calculate the greatest common divisor of 27379170 and 18585.
315
What is the greatest common factor of 1525664 and 1421?
49
Calculate the highest common divisor of 6324129 and 1029.
21
Calculate the greatest common divisor of 22954201 and 1853.
109
What is the highest common divisor of 1560 and 19623030?
30
Calculate the highest common factor of 16245 and 84465.
45
What is the highest common divisor of 8730 and 98993835?
4365
Calculate the highest common divisor of 583234719 and 4236.
1059
Calculate the greatest common divisor of 92437536 and 107601.
8277
What is the highest common factor of 1500465375 and 309?
309
Calculate the highest common divisor of 4779 and 363.
3
What is the greatest common factor of 1912 and 35249393?
239
What is the highest common divisor of 102 and 23948733?
51
Calculate the highest common divisor of 32828215 and 525.
35
Calculate the greatest common divisor of 15198 and 7212494.
298
Calculate the highest common divisor of 19481 and 3933391.
1771
What is the highest common divisor of 6575 and 35529196?
263
Calculate the highest common factor of 1769738 and 1316.
94
Calculate the highest common factor of 8768 and 130698.
274
Calculate the greatest common factor of 7132146 and 5586.
294
What is the highest common divisor of 558963696 and 309?
309
Calculate the highest common factor of 1592437 and 119.
7
What is the greatest common factor of 11064 and 8368072?
3688
Calculate the highest common divisor of 20834552 and 2664.
296
What is the highest common factor of 59061483 and 78?
39
What is the highest common factor of 1155 and 23508870?
1155
What is the greatest common divisor of 17000 and 264500?
500
Calculate the greatest common factor of 47698885 and 260.
65
What is the highest common factor of 294 and 879499236?
294
Calculate the greatest common factor of 3300085 and 1407.
67
What is the greatest common divisor of 102303 and 2322?
27
Calculate the greatest common factor of 30721505 and 1845.
205
What is the greatest common divisor of 1206 and 27581220?
1206
Calculate the greatest common factor of 2159163 and 1895.
379
Calculate the highest common divisor of 11250432 and 514.
514
Calculate the highest common divisor of 100 and 11313220.
20
What is the highest common factor of 34370 and 29261145?
2455
What is the greatest common divisor of 182 and 625954?
14
Calculate the highest common divisor of 3404 and 12334764.
148
Calculate the highest common divisor of 1219644 and 1098.
18
What is the greatest common factor of 16761304 and 13804?
812
Calculate the highest common factor of 7326 and 57498.
222
What is the highest common factor of 62634 and 313973?
803
Calculate the greatest common factor of 25134049 and 10319.
607
Calculate the greatest common factor of 3365124 and 75852.
588
What is the greatest common divisor of 18863 and 218?
1
What is the greatest common factor of 115590726 and 162?
162
What is the greatest common divisor of 209 and 591453907?
209
What is the greatest common factor of 795 and 253711?
53
Calculate the greatest common factor of 2490 and 94895.
5
What is the highest common divisor of 29521 and 2368364?
557
Calculate the highest common divisor of 307 and 104392894.
307
Calculate the highest common divisor of 33 and 143063019.
33
Calculate the highest common factor of 55 and 98812703.
11
What is the greatest common factor of 184 and 19114024?
8
Calculate the greatest common factor of 995781 and 2146.
37
What is the greatest common divisor of 3570500 and 8000?
500
What is the greatest common factor of 16760128 and 2090?
418
Calculate the greatest common divisor of 587172 and 5671308.
3516
Calculate the greatest common factor of 494379 and 3170496.
1011
Calculate the greatest common divisor of 198 and 154768240.
22
What is the highest common divisor of 20784 and 49584?
48
Calculate the greatest common divisor of 287753 and 76729963.
12511
What is the greatest common divisor of 5476 and 9054566?
2738
What is the greatest common divisor of 90032374 and 646?
646
Calculate the highest common factor of 38070 and 6976962.
2538
Calculate t